inder when s(2) is divided by h.
6
Suppose 0*f + f = -3*u + 38, -3*f = 4*u - 134. What is the remainder when f is divided by 13?
11
Suppose -n + 5*n = 28. Calculate the remainder when 20 is divided by n.
6
Suppose -f = -5*f + 48. Calculate the remainder when 45 is divided by f.
9
Let t = 23 - -4. Let v = t + -16. Calculate the remainder when 31 is divided by v.
9
Let d = 501 - 122. What is the remainder when d is divided by 38?
37
Let k = -1 + -7. Let z = -6 - k. Suppose 2*g = z + 42. Calculate the remainder when g is divided by 8.
6
Suppose 0 = -3*j - 4*a + 14, -4*a - 29 = -4*j + a. Let d = j + 13. Calculate the remainder when 55 is divided by d.
17
Let c be 0 + 6/3 + 29. Suppose 2*d - 64 = -4*h, 4*h - c = d - 87. Let t = d + -13. Calculate the remainder when 80 is divided by t.
26
Let c(b) = -b**2 + b + 53. Let x be c(0). Suppose 3*a + 77 - 246 = 2*n, -a + x = -4*n. Suppose -34 = -4*y + 26. What is the remainder when a is divided by y?
12
Let j = 16 - 14. Suppose 73 - 7 = j*m. What is the remainder when 129 is divided by m?
30
Suppose 4*g - 1 + 6 = y, 3*g = -3*y + 30. What is the remainder when 17 is divided by y?
8
Let m be (1 - 3)/(4/112). Let z = -31 - m. Calculate the remainder when z is divided by 1*9 - 0/1.
7
Suppose 15 = 5*d + 2*q, -5*q + 32 = -2*d + 9. Calculate the remainder when (-1 - -14) + (-1 - -1) is divided by (-3 + 2)*d - -8.
6
Suppose t - 2*y = 3*y + 8, 10 = 5*y. Suppose 0 = -g + 3 + 1. Suppose 0*l = -5*f + 4*l + 38, -43 = -g*f - l. What is the remainder when t is divided by f?
8
Suppose 0 = -2*i + 3*i - 6. Suppose 4*l - 5*v - 27 - 27 = 0, 0 = -5*v - 10. Calculate the remainder when l is divided by i.
5
Let q be 4/20 + (-48)/(-10). Suppose 0 = -q*g + 208 + 112. Suppose -g = -2*d - 16. Calculate the remainder when d is divided by 9.
6
Let y(v) = -v**3 + 11*v**2 + 2*v - 4. Calculate the remainder when y(11) is divided by 3.
0
What is the remainder when (-2235)/(-24) - (-1)/(-8) is divided by 19?
17
Suppose -6 = -2*t - 2. Suppose 4*v - 4*p = 64, -5*v - t*p + 15 = -51. What is the remainder when v is divided by 8?
6
Let i = -6 - -21. What is the remainder when 43 is divided by i?
13
Let k(i) = -2*i**2 - 25*i + 34. What is the remainder when 93 is divided by k(-13)?
9
Suppose 2*d + 10 = 50. Suppose 0*s + 14 = 2*s. What is the remainder when d is divided by s?
6
Suppose -2*a - 1386 = -1418. Suppose -4*h = -5*g + 5, 4*h + 0*g + 3*g - 3 = 0. Suppose h = 2*d - 174 + 48. What is the remainder when d is divided by a?
15
Let k = -83 + 96. Calculate the remainder when 153 is divided by k.
10
Let b(n) = -n - 4. Let j be b(-7). Suppose 35 = -j*l + 8*l. What is the remainder when 19 is divided by l?
5
Suppose 0*g + 2*g - 49 = -5*i, 4*i - 35 = -3*g. Calculate the remainder when 21 is divided by i.
10
What is the remainder when 5 + -5 + -1 + 17 is divided by 7?
2
Suppose 0 = n + 3*y - 32, 2*n - n + y - 34 = 0. What is the remainder when 170 is divided by n?
30
Let o(f) = -f**3 + 2*f**2 + 3*f + 3. What is the remainder when 187/5 - (-4)/(-10) is divided by o(-2)?
11
Let a = -42 + 60. Calculate the remainder when 53 is divided by a.
17
Suppose 3*s + 0 = 2*f - 7, -5*s + 1 = 3*f. What is the remainder when 6 is divided by f?
0
Let q(p) = p**3 - 2*p**2 - 22*p + 18. Let y(g) = -1 - 6*g**2 + 3*g**2 + g**3 + 5. What is the remainder when q(-4) is divided by y(3)?
2
Suppose 3*k - 29 = 184. Let c = -42 + k. What is the remainder when c is divided by 16?
13
Let o = -24 - -43. What is the remainder when o is divided by (-2 + 1)*-12 + -2?
9
Let t(c) = -2*c**3 - 5*c**2 - c + 2. Let f be t(-3). Suppose -f + 102 = 4*v. Calculate the remainder when 42 is divided by v.
20
Suppose 0 = -2*h - 3*h + 5. Let t(u) = 60*u**2 - 1. Calculate the remainder when t(h) is divided by 15.
14
Let m(c) = -c + 6 + 0 - 2 + 4*c**3 - 2 - 3*c**2. What is the remainder when 59 is divided by m(2)?
19
Let x = -1 + 10. Calculate the remainder when 14 is divided by x.
5
Suppose 2*h + 0*p = 2*p + 12, -4*h = 3*p - 38. Calculate the remainder when 9 is divided by h.
1
What is the remainder when 35 is divided by (-6 - 0)/(2/(-3))?
8
Let v(m) = m + 1. Let x be v(3). Suppose 0*g - 16 = x*g. What is the remainder when 10 is divided by (-38)/(-6) - g/(-12)?
4
Suppose q + 5*c - 4 + 16 = 0, 5*q = 5*c + 90. Let o(y) = y**3 + 8*y**2 + 3*y - 1. Calculate the remainder when o(-3) is divided by q.
9
Let j = 11 + -1. Let o(f) = 3*f + 1. Let h be o(1). Let m = h - -13. What is the remainder when m is divided by j?
7
Let g(o) = -o**2 - 8*o - 2. Suppose 2*n - 3*r - 5 - 9 = 0, -r = 2. What is the remainder when g(-6) is divided by n?
2
Suppose 3*k - 56 = -2*y - 2*y, 0 = -5*k - 5*y + 85. Let r = k + 5. Calculate the remainder when r is divided by 6.
5
Suppose -z = -0*z + x - 38, 5*z - 192 = -4*x. Let t = z + -14. What is the remainder when t is divided by (-132)/(-9) - (-4)/(-6)?
12
Let s(i) = i**2 + 5*i + 9. Let x be s(-6). Let u be x*(1 - 0)*1. Suppose -4*k = -3*k + 3*t - 24, 0 = -5*t - u. Calculate the remainder when k is divided by 17.
16
Suppose 0 = -11*l + 6*l + 75. Calculate the remainder when l is divided by 4.
3
Let a(z) = z**2 + 3*z - 5. Let l(s) = 5*s - 3. Let i be l(2). Suppose i = 3*d - 4*d. What is the remainder when a(d) is divided by 13?
10
Let k(m) = 11*m - 4. Let f(s) = 10*s - 3. Let u(x) = -6*f(x) + 5*k(x). Calculate the remainder when 33 is divided by u(-4).
15
Let y = 32 - 26. Calculate the remainder when 39 is divided by y.
3
Calculate the remainder when 84 is divided by ((-40)/15 - 1/3) + 32.
26
Let a(g) = -2*g**2 + 23*g + 12. What is the remainder when a(11) is divided by 8?
7
Suppose -3*l + 3 = -r - 8, 5*l - 4*r = 23. Suppose -l*h + h = -26. Calculate the remainder when -1 + 1 - -35 - -2 is divided by h.
11
Suppose 4*f - 23 = 3*f - 4*b, 0 = -5*f - 4*b + 83. What is the remainder when f is divided by (-2)/(12/(-9))*6?
6
Let y = 109 - 108. Let c = 2 + -1. What is the remainder when y is divided by c?
0
Let m(r) = r**3 - 8*r**2 + 9*r - 3. Let i be m(7). Let v = i - 4. What is the remainder when 20 is divided by v?
6
Suppose -5*r + 4*q = -257, -167 = -3*r - 0*q - 4*q. Calculate the remainder when r is divided by 245/70*72/14.
17
Let u(c) = c + 3. Let i = -147 - -184. What is the remainder when i is divided by u(7)?
7
Suppose 0*n = -6*n + 72. Calculate the remainder when 94 is divided by n.
10
Let i(x) = x**3 - 5*x**2 + 4*x + 1. Calculate the remainder when i(7) is divided by 32.
31
Let p(m) = m. Let k be p(4). Suppose -28 = -4*j - 2*t, j - k*j = -4*t - 32. Calculate the remainder when j is divided by 5.
3
Suppose -t - 4*t = -25. Suppose 6 = -2*r, -t*h - 3*r = 2*r + 15. Calculate the remainder when -1*(-40 - (h - -1)) is divided by 14.
13
What is the remainder when 12 is divided by (-2 + -2)/(6/(-12))?
4
Let k = -25 - -87. What is the remainder when k is divided by 21?
20
Suppose 10*s + 86 = 12*s. What is the remainder when s is divided by 23?
20
Let h(k) = -k**2 - 3*k + 8. Let u be h(-6). Let z(o) = -8*o + 2. Let g be z(-3). Let d = g + u. Calculate the remainder when 30 is divided by d.
14
Suppose -25 = -5*o, b + o = -0*b + 140. Calculate the remainder when b is divided by 35.
30
Suppose -n - 5*l = -5*n + 51, 2*l - 67 = -3*n. What is the remainder when n is divided by 5?
4
Suppose 0 = 4*t - 7*t + 150. Let r(d) = d + 7. Let n be r(-5). What is the remainder when t is divided by n - 30/(2/(-1))?
16
Suppose 0 = 2*s + 7 - 49. What is the remainder when 41 is divided by s?
20
Suppose 3*d = -6 + 15. Suppose d*w - 4 = q + 14, 2*w = 3*q + 33. What is the remainder when (q/(-15))/(1/10) is divided by 3?
0
Let t = 11 + -9. Suppose 20 = 2*c - t. What is the remainder when 43 is divided by c?
10
Let u(f) = f + 0*f + f - 2 - 3. What is the remainder when 12 is divided by u(5)?
2
Suppose -5*s = 5*k - 80, k + 5*s = -0*k - 4. What is the remainder when 82 is divided by k?
19
Let w = 70 + -1. Suppose b + 56 = 5*b. Calculate the remainder when w is divided by b.
13
Suppose 154 = 2*h + 9*h. Calculate the remainder when 55 is divided by h.
13
Let r be (88/12)/(4/6). Calculate the remainder when (r + -37)/(2/(-3)) is divided by 10.
9
Suppose -g - 20 = -5*g. Suppose -g*v = -3*i + 94, 2*i - 59 = 5*v - 3. Calculate the remainder when i is divided by 4/(-10) - (-156)/15.
8
Let z(k) = 41*k + 2. Let m(p) = 